h) = h - 9. Let b = -13 - -19. Give k(b).
-3
Let t(p) = 21*p**2 - p + 13. Let q(r) = 5*r**2 + 3. Let v(n) = 9*q(n) - 2*t(n). Let h be v(-1). Let m(j) = 9*j - 3. Calculate m(h).
15
Let x(h) = -4*h + 7. Let q = 56 - 51. What is x(q)?
-13
Let j be 22/7 - 1/7. Let c(m) be the second derivative of 2*m**2 + 0 + 1/3*m**j - m. What is c(-3)?
-2
Let t = 40 + -11. Let z be (-2)/(-2) + 6/3. Suppose 0 = s - z, 0 = 5*v + s + 2*s - t. Let f(h) = -h**3 + 4*h**2. What is f(v)?
0
Let x(l) = -6 + 0*l + 2 + l - l**3 + 1 - 5*l**2. Let v = 5 - 10. Calculate x(v).
-8
Let r = 5 + 0. Let w be ((-1)/3)/((-2)/6). Let k be 48/15 - w/r. Let a(u) = -u**3 + 4*u**2 - 2*u - 3. Calculate a(k).
0
Let l(w) = -2*w**2 + w. Let z be l(1). Let m(x) be the first derivative of 2*x**3/3 + x**2/2 + x - 14. Let t(r) be the first derivative of m(r). Calculate t(z).
-3
Let n(k) be the second derivative of k**6/15 + k**4/24 - 5*k**2 - 3*k. Let v(h) be the first derivative of n(h). What is v(1)?
9
Suppose 5*d - 3*h + 3 = -5*h, 0 = -3*d + 3*h - 6. Let g(z) = -1. Let r(k) = 6*k + 2. Let x(l) = d*r(l) - 3*g(l). Calculate x(1).
-5
Let r(t) = t**3 + 20*t**2 + 19*t - 6. Let u be r(-19). Let g(c) = -c - 8. What is g(u)?
-2
Let q(i) = i - 1 - 1 + 1 - 4*i. Determine q(1).
-4
Let u(s) = -s**2 - 8*s - 6. Let j = -17 + 9. What is u(j)?
-6
Suppose 3*z - 3*r = 0, r = 2*z - 0*r + 1. Let d(t) = 8*t. Determine d(z).
-8
Let k(x) be the second derivative of -x**4/12 - 2*x**3/3 - x**2 - 3*x - 8. Suppose -20 = 4*j + 4*p, -2*j + 10 = -4*j + p. Give k(j).
-7
Let c(j) = j**2 + 2*j + 2. Suppose -2*m + 3 = -1. Suppose -2*u = -5 - 3. Suppose -m*r = 8, -9*r = 2*t - u*r + 24. Calculate c(t).
2
Let x(f) = 7*f + 7. Let g(d) = -6*d - 7. Let a(h) = 6*g(h) + 5*x(h). Suppose -3 = -6*w - 27. Determine a(w).
-3
Let h(c) be the third derivative of -c**4/12 + c**3/2 + c**2. Suppose 5*d - 15 = -5*a, -2*a + 11 = -4*d - 1. What is h(a)?
-5
Let g = 5 - 2. Let s(q) be the third derivative of q**2 + 0*q + 5/24*q**4 - 1/6*q**3 - 1/60*q**5 + 0. What is s(g)?
5
Let i(l) = -2*l**2 + 5*l + 2. Let v = 89 + -85. What is i(v)?
-10
Let o(c) = -3*c + 5*c**2 - c**2 + 1394 - 1395. Determine o(3).
26
Let n(g) = g**3 + 7*g**2 + 6*g + 2. Suppose -h + 3 = -3*h - 3*p, h = 3*p - 15. Give n(h).
2
Let m(b) be the first derivative of 2*b**2 - 4*b + 1. Suppose -3*x = -a - 11, -x + 10 = -2*a + 3. What is m(x)?
8
Let z(u) = 6*u + 31. Let i be z(-4). Let s(a) = -a**2 + 8*a + 10. Give s(i).
17
Let i(n) = -5*n + 14. Let y(z) = -4*z - 5 + 10 + 2*z. Let m(x) = 4*i(x) - 11*y(x). Suppose 4 = -3*k + 5*k. Give m(k).
5
Let t be 2/4 + (-6)/(-4). Let x(w) = 4*w + 2*w**t + 0 + 2 + 0*w + 1. Let o be (-2 - -1) + 2/(-2). Determine x(o).
3
Let v(f) = -8*f**3 - f**2. Suppose -4 = p, -5*p - 19 = -k + 2*k. Calculate v(k).
-9
Let h(f) = 8*f + 3. Let z(d) = -4*d - 7*d + 0 - 1. Let a(j) = 177*j + 15. Let k(y) = 2*a(y) + 33*z(y). Let q(o) = -4*h(o) - 3*k(o). Determine q(-2).
7
Let a(o) = -o**3 + 4*o**2 - o - 2. Let l be 6/(-2) + 8 + -3. Give a(l).
4
Let p be ((-5 - -1)/4)/(4/(-4)). Let a(o) = 1. Let c(z) = 8*z**2 + z - 4. Let i(y) = -3*a(y) - c(y). Calculate i(p).
-8
Suppose -s + 0*s + 2 = 0. Let d(n) = -4*n + n**2 - n**3 + 4*n**2 + n + 4 - s. Give d(4).
6
Let z(j) = 1. Let p(q) = -q. Let l(s) = 3*p(s) - 4*z(s). Let t = 5 + -8. What is l(t)?
5
Suppose -4*x + 0*x + 5*j = -6, -2*x = -4*j. Let t(c) = 4*c - 4*c - 3*c + 6 + 0*c. Let z(k) = 2*k - 5. Let n(i) = x*z(i) + 3*t(i). Calculate n(-1).
-1
Suppose -11 = -4*v + 1. Suppose -l - v*l = 8. Let f be 24/(-4)*l/4. Let n(g) = g**2 - 2*g - 1. What is n(f)?
2
Let t be 8/1 - 4 - 2. Let d(q) = -1 - 6*q**2 - 2 - t + 4. Calculate d(-1).
-7
Let d be (0 - -1)/(-2 - -1). Let n be (-1)/(-3*d/9). Let m(j) = j**2 + 3*j - 1. Give m(n).
-1
Let a(i) = i**2 - 8*i + 5. Let n(r) = r - 1. Let f(y) = -y + 1. Let k(s) = 4*f(s) + 5*n(s). Let l be k(7). Give a(l).
-7
Suppose 3*r + 24 = 5*z + 6*r, -4*z - 2*r = -18. Let m(p) = -p - 5. Let i be m(-6). Let h(b) = z*b + i + 4*b**2 - 2 + b + b**3. Give h(-3).
-4
Let r(k) = k**3 - 6*k**2 - 2. Let f(x) = 2*x**3 - 13*x**2 - x - 4. Let g(h) = 2*f(h) - 5*r(h). Calculate g(3).
5
Suppose -2*i = -5*i - 6. Let p(w) be the second derivative of w + 1/12*w**4 + 0*w**2 + 0*w**3 + 0. Determine p(i).
4
Let u(m) be the first derivative of -m**4/4 + 4*m**3/3 + m**2 - 3*m - 1. Let g be u(4). Suppose 0 = -0*w + g*w - 10. Let i(d) = 3*d. What is i(w)?
6
Let g(w) be the third derivative of -w**4/24 + 5*w**3/6 + 2*w**2. Let j be g(4). Let y(d) = -4*d**3 - d**2 + d. Calculate y(j).
-4
Suppose 0 = 4*u + x + 3*x, -u + 20 = -3*x. Let n(a) = a**3 - 5*a**2 - a. What is n(u)?
-5
Let a(x) be the third derivative of x**9/60480 + x**8/20160 - x**7/5040 - x**6/360 - x**5/30 + x**2. Let r(j) be the third derivative of a(j). Give r(0).
-2
Let d(f) = -4*f - 3. Let r(b) = -3*b - 2. Let q(o) = -5*d(o) + 7*r(o). Let t be q(0). Let c(g) = -g**2 + 3*g**3 + 0*g**3 + 5*g**3. What is c(t)?
7
Let p(v) be the second derivative of -v**7/420 - v**6/360 + v**5/60 - v**4/24 + v**3/6 - 2*v. Let w(a) be the second derivative of p(a). Determine w(-2).
7
Let r(k) be the third derivative of k**6/120 + k**5/20 + k**4/24 - 21*k**2. Let i be 19/(-7) - (-2)/(-7). Determine r(i).
-3
Let l(r) be the first derivative of -r**3/3 - r**2 - 2*r - 2. Let a be (12/15)/((-4)/10). Determine l(a).
-2
Let m(u) = 3*u + 9*u**2 - 8*u**2 + 3 - 4*u. Calculate m(0).
3
Let w(n) = -8*n + 29. Let z be w(4). Let r(j) = 3*j - 1. Determine r(z).
-10
Suppose -7*d + 2*d = 3*n, n + 20 = 5*d. Let y(q) = q**3 - 4*q**2 + q + 2. Calculate y(d).
-4
Let m(i) be the first derivative of 5 - 9*i - 1/2*i**2. Give m(-7).
-2
Let p(d) = -d + 4. Suppose -2*w + 10 = -30. Let a(l) = 0*l**2 - w + 4 + 13*l - l**2. Let z be a(11). Calculate p(z).
-2
Suppose 3*b + 41 - 14 = 5*p, -3*p + 4*b = -14. Let z(x) = -5*x + 12. Let l(o) = -6*o + 15. Let s(c) = 3*l(c) - 4*z(c). Give s(p).
9
Let n(u) = 7*u + 7. Let p(m) = -3*m - 4. Let a(h) = -4*n(h) - 9*p(h). Calculate a(8).
0
Let d(j) be the third derivative of j**7/840 + j**6/360 - j**5/24 - j**4/6 - j**3/3 - 2*j**2. Let f(h) be the first derivative of d(h). Give f(-3).
-7
Let g(p) = p + 1. Let h(y) = 5*y - 2. Let u(t) = 4*g(t) - h(t). Let v be (10/3)/((-2)/(-3)). Calculate u(v).
1
Let g(b) = 2*b**3 + 2*b**2 + b - 2. Suppose -z - 3*z - 8 = 0. What is g(z)?
-12
Let d(l) = -l**2 - l + 1. Let q be 14/(-6) - (-7)/21. Calculate d(q).
-1
Let c(k) be the first derivative of k**3 + k**2 - k - 4. Let x(n) = -n**2 - 13*n - 11. Let o be x(-12). Give c(o).
4
Suppose 7 + 17 = 3*x. Let m(l) = -2*l - 2 + 1 - x + l. Let i(j) = j**2 - j - 2. Let r be i(2). Give m(r).
-9
Let a(r) be the third derivative of r**4/24 - 2*r**3 - 11*r**2. Calculate a(5).
-7
Let s(v) be the first derivative of -v**3/3 + v**2/2 - 10*v - 40. Give s(0).
-10
Let d(v) be the first derivative of -v**3/3 + v**2 - 11*v + 3. Let l(r) = -r**2 + 3*r - 10. Let c(o) = -4*d(o) + 5*l(o). Calculate c(5).
4
Let l be (-52)/(-8) - (-1)/(-2). Let r(b) = -b + 4. Let i be r(l). Let x(z) = 3*z**2 + z - 2. Give x(i).
8
Let c(y) be the second derivative of -2*y**3/3 + 2*y. Determine c(-2).
8
Let j(w) be the third derivative of 4*w**2 + 0 - 5/24*w**4 + 0*w - 1/2*w**3 + 1/60*w**5. Give j(5).
-3
Let p(j) = 3*j**2 - 15*j + 20. Let y(h) = -h**2 + 5*h - 7. Let f(x) = 6*p(x) + 17*y(x). Let q be f(4). Let a = q - -2. Let g(l) = -6*l**2 - l. Give g(a).
-5
Let v(o) = -o**3 - o**2 + o - 3. Let a be v(0). Let n(l) be the first derivative of -3*l**2/2 - 4*l + 5. Give n(a).
5
Let u be (-2)/8 - (-2)/8. Suppose u = 4*r - 2*z + 4, z + 2 - 4 = -5*r. Let o(w) be the first derivative of -w**2/2 - w - 1. Calculate o(r).
-1
Let a = -18 + 20. Let o(s) = s**a + 3*s**2 - 3*s**2 - 3. Give o(0).
-3
Let h(i) = 2*i + 1. Suppose 0 = m - 2, 4*r + 24 = 3*m + m. What is h(r)?
-7
Let a(x) = 3*x. Let n be a(1). Let g(q) = 0 + n*q**2 - 2*q**2 + 8*q - 3 - 4*q. Determine g(2).
9
Let t(x) be the first derivative of -x**4/4 - 4*x**3/3 + 2*x**2 - x - 3. Calculate t(-5).
4
Let a be 9 + 1 + 0 - 3. Let r(u) = u**3 - 7*u**2 - u + 2. Calculate r(a).
-5
Suppose 40 = 5*d - 0*d. Let y(p) = p - 10. Let z be y(d). Let c(g) = 2*g + 1. Calculate c(z).
-3
Let n(h) = 14*h**2 - 1. Let b(m) = m**3 - 14*m**2 + m - 15. Let o be b(14). Give n(o).
13
Suppose -4*v - 12 + 0 = 0. Let f(z) be the second d